{"id":3104,"date":"2024-11-05T15:07:00","date_gmt":"2024-11-05T14:07:00","guid":{"rendered":"https:\/\/www.onceuponateam.be\/?page_id=3104"},"modified":"2026-01-04T12:49:49","modified_gmt":"2026-01-04T11:49:49","slug":"ouatventure","status":"publish","type":"page","link":"https:\/\/www.onceuponateam.be\/?page_id=3104","title":{"rendered":"OUATventure"},"content":{"rendered":"<div data-colibri-id=\"3104-c1\" class=\"style-869 style-local-3104-c1 position-relative\">\n  <!---->\n  <div data-colibri-component=\"section\" data-colibri-id=\"3104-c2\" id=\"custom\" class=\"h-section h-section-global-spacing d-flex align-items-lg-center align-items-md-center align-items-center style-870 style-local-3104-c2 position-relative\">\n    <!---->\n    <!---->\n    <div class=\"h-separator\" style=\"height: 100px; bottom: calc(0px);\">\n      <svg style=\"fill:rgb(76, 30, 30);transform:rotateX(180deg);\" xmlns=\"http:\/\/www.w3.org\/2000\/svg\" viewBox=\"0 0 1000 20\" preserveAspectRatio=\"none\">\n        <path class=\"svg-white-bg\" d=\"M0,0v3c0,0,393.8,0,483.4,0c9.2,0,16.6,7.4,16.6,16.6c0-9.1,7.4-16.6,16.6-16.6C606.2,3,1000,3,1000,3V0H0z\"><\/path>\n      <\/svg>\n    <\/div>\n    <div class=\"h-section-grid-container h-section-boxed-container\">\n      <!---->\n      <div data-colibri-id=\"3104-c3\" class=\"h-row-container gutters-row-lg-2 gutters-row-md-2 gutters-row-0 gutters-row-v-lg-2 gutters-row-v-md-2 gutters-row-v-2 style-871 style-local-3104-c3 position-relative\">\n        <!---->\n        <div class=\"h-row justify-content-lg-center justify-content-md-center justify-content-center align-items-lg-stretch align-items-md-stretch align-items-stretch gutters-col-lg-2 gutters-col-md-2 gutters-col-0 gutters-col-v-lg-2 gutters-col-v-md-2 gutters-col-v-2\">\n          <!---->\n          <div class=\"h-column h-column-container d-flex h-col-lg-auto h-col-md-auto h-col-auto style-872-outer style-local-3104-c4-outer\">\n            <div data-colibri-id=\"3104-c4\" class=\"d-flex h-flex-basis h-column__inner h-px-lg-2 h-px-md-2 h-px-2 v-inner-lg-2 v-inner-md-2 v-inner-2 style-872 style-local-3104-c4 position-relative\">\n              <!---->\n              <!---->\n              <div class=\"w-100 h-y-container h-column__content h-column__v-align flex-basis-100 align-self-lg-start align-self-md-start align-self-start\">\n                <!---->\n                <div data-colibri-id=\"3104-c5\" class=\"h-x-container style-884 style-local-3104-c5 position-relative h-element\">\n                  <!---->\n                  <div class=\"h-x-container-inner style-dynamic-3104-c5-group style-884-spacing style-local-3104-c5-spacing\"><span class=\"h-button__outer style-885-outer style-local-3104-c6-outer d-inline-flex h-element\"><a h-use-smooth-scroll=\"true\" href=\"https:\/\/lol.leamateur.pro\/tournaments\/OUATventure%20Saison%2020\" target=\"_blank\"  data-colibri-id=\"3104-c6\" class=\"d-flex w-100 align-items-center h-button justify-content-lg-center justify-content-md-center justify-content-center style-885 style-local-3104-c6 position-relative\"><!----><!----> <span>Inscris toi \u00e0 la prochaine saison <\/span><\/a>\n                    <\/span>\n                  <\/div>\n                <\/div>\n              <\/div>\n            <\/div>\n          <\/div>\n          <div class=\"h-column h-column-container d-flex h-col-lg-auto h-col-md-auto h-col-auto style-886-outer style-local-3104-c7-outer\">\n            <div data-colibri-id=\"3104-c7\" class=\"d-flex h-flex-basis h-column__inner h-px-lg-2 h-px-md-2 h-px-2 v-inner-lg-2 v-inner-md-2 v-inner-2 style-886 style-local-3104-c7 position-relative\">\n              <!---->\n              <!---->\n              <div class=\"w-100 h-y-container h-column__content h-column__v-align flex-basis-100 align-self-lg-start align-self-md-start align-self-start\">\n                <!---->\n                <div data-colibri-id=\"3104-c8\" class=\"h-x-container style-889 style-local-3104-c8 position-relative h-element\">\n                  <!---->\n                  <div class=\"h-x-container-inner style-dynamic-3104-c8-group style-889-spacing style-local-3104-c8-spacing\"><span class=\"h-button__outer style-890-outer style-local-3104-c9-outer d-inline-flex h-element\"><a h-use-smooth-scroll=\"true\" href=\"https:\/\/docs.google.com\/document\/d\/18OKm2ZRU-YYo_sheSQscEZV1k5fI9w-7k0ZIQv74B-Q\/edit?usp=sharing\" target=\"_blank\"  data-colibri-id=\"3104-c9\" class=\"d-flex w-100 align-items-center h-button justify-content-lg-center justify-content-md-center justify-content-center style-890 style-local-3104-c9 position-relative\"><!----><!----> <span>R\u00e8glement de la comp\u00e9tition<\/span><\/a>\n                    <\/span>\n                  <\/div>\n                <\/div>\n              <\/div>\n            <\/div>\n          <\/div>\n          <div class=\"h-column h-column-container d-flex h-col-lg-auto h-col-md-auto h-col-auto style-887-outer style-local-3104-c10-outer\">\n            <div data-colibri-id=\"3104-c10\" class=\"d-flex h-flex-basis h-column__inner h-px-lg-2 h-px-md-2 h-px-2 v-inner-lg-2 v-inner-md-2 v-inner-2 style-887 style-local-3104-c10 position-relative\">\n              <!---->\n              <!---->\n              <div class=\"w-100 h-y-container h-column__content h-column__v-align flex-basis-100 align-self-lg-start align-self-md-start align-self-start\">\n                <!---->\n                <div data-colibri-id=\"3104-c11\" class=\"h-x-container style-891 style-local-3104-c11 position-relative h-element\">\n                  <!---->\n                  <div class=\"h-x-container-inner style-dynamic-3104-c11-group style-891-spacing style-local-3104-c11-spacing\"><span class=\"h-button__outer style-892-outer style-local-3104-c12-outer d-inline-flex h-element\"><a h-use-smooth-scroll=\"true\" href=\"https:\/\/www.onceuponateam.be\/?p=5127\" target=\"_blank\"  data-colibri-id=\"3104-c12\" class=\"d-flex w-100 align-items-center h-button justify-content-lg-center justify-content-md-center justify-content-center style-892 style-local-3104-c12 position-relative\"><!----><!----> <span>Historique de la derni\u00e8re saison<\/span><\/a>\n                    <\/span>\n                  <\/div>\n                <\/div>\n              <\/div>\n            <\/div>\n          <\/div>\n          <div class=\"h-column h-column-container d-flex h-col-lg-auto h-col-md-auto h-col-auto style-888-outer style-local-3104-c13-outer\">\n            <div data-colibri-id=\"3104-c13\" class=\"d-flex h-flex-basis h-column__inner h-px-lg-2 h-px-md-2 h-px-2 v-inner-lg-2 v-inner-md-2 v-inner-2 style-888 style-local-3104-c13 position-relative\">\n              <!---->\n              <!---->\n              <div class=\"w-100 h-y-container h-column__content h-column__v-align flex-basis-100 align-self-lg-start align-self-md-start align-self-start\">\n                <!---->\n                <div data-colibri-id=\"3104-c14\" class=\"h-x-container style-893 style-local-3104-c14 position-relative h-element\">\n                  <!---->\n                  <div class=\"h-x-container-inner style-dynamic-3104-c14-group style-893-spacing style-local-3104-c14-spacing\"><span class=\"h-button__outer style-894-outer style-local-3104-c15-outer d-inline-flex h-element\"><a h-use-smooth-scroll=\"true\" href=\"https:\/\/discord.gg\/Qtu9UZp6H7\" target=\"_blank\"  data-colibri-id=\"3104-c15\" class=\"d-flex w-100 align-items-center h-button justify-content-lg-center justify-content-md-center justify-content-center style-894 style-local-3104-c15 position-relative\"><!----><!----> <span>Rejoins le discord pour participer<\/span><\/a>\n                    <\/span>\n                  <\/div>\n                <\/div>\n              <\/div>\n            <\/div>\n          <\/div>\n        <\/div>\n      <\/div>\n    <\/div>\n  <\/div>\n  <div data-colibri-component=\"section\" data-colibri-id=\"3104-c16\" id=\"content\" class=\"h-section h-section-global-spacing d-flex align-items-lg-center align-items-md-center align-items-center style-873 style-local-3104-c16 position-relative\">\n    <!---->\n    <div class=\"h-separator\" style=\"height: 300px; top: calc(-1px);\">\n      <svg style=\"fill:rgb(76, 30, 30);\" xmlns=\"http:\/\/www.w3.org\/2000\/svg\" viewBox=\"0 0 423.98 306.76\" preserveAspectRatio=\"xMinYMin meet\">\n        <path d=\"M0,0V306.76C50.75,145.82,179.48,0,424,0Z\" transform=\"translate(0)\"><\/path>\n      <\/svg>\n    <\/div>\n    <div class=\"h-section-grid-container h-section-fluid-container\">\n      <!---->\n      <div data-colibri-id=\"3104-c17\" class=\"h-row-container gutters-row-lg-0 gutters-row-md-0 gutters-row-2 gutters-row-v-lg-0 gutters-row-v-md-0 gutters-row-v-2 style-874 style-local-3104-c17 position-relative\">\n        <!---->\n        <div class=\"h-row justify-content-lg-center justify-content-md-center justify-content-center align-items-lg-stretch align-items-md-stretch align-items-stretch gutters-col-lg-0 gutters-col-md-0 gutters-col-2 gutters-col-v-lg-0 gutters-col-v-md-0 gutters-col-v-2\">\n          <!---->\n          <div class=\"h-column h-column-container d-flex h-col-lg-auto h-col-md-auto h-col-auto style-875-outer style-local-3104-c18-outer\">\n            <div data-colibri-id=\"3104-c18\" class=\"d-flex h-flex-basis h-column__inner h-px-lg-0 h-px-md-0 h-px-0 v-inner-lg-0 v-inner-md-0 v-inner-0 style-875 style-local-3104-c18 position-relative\">\n              <!---->\n              <!---->\n              <div class=\"w-100 h-y-container h-column__content h-column__v-align flex-basis-100 align-self-lg-start align-self-md-start align-self-start\">\n                <!---->\n                <div data-colibri-id=\"3104-c19\" class=\"h-global-transition-all h-heading style-876 style-local-3104-c19 position-relative h-element\">\n                  <!---->\n                  <div class=\"h-heading__outer style-876 style-local-3104-c19\">\n                    <!---->\n                    <!---->\n                    <h4 class=\"\">ouatventure<\/h4>\n                  <\/div>\n                <\/div>\n                <div data-colibri-id=\"3104-c20\" class=\"h-global-transition-all h-heading style-877 style-local-3104-c20 position-relative h-element\">\n                  <!---->\n                  <div class=\"h-heading__outer style-877 style-local-3104-c20\">\n                    <!---->\n                    <!---->\n                    <h2 class=\"\">C&rsquo;est quoi et pourquoi y participer ?<\/h2>\n                  <\/div>\n                <\/div>\n                <div data-colibri-id=\"3104-c21\" class=\"h-text h-text-component style-878 style-local-3104-c21 position-relative h-element\">\n                  <!---->\n                  <!---->\n                  <div class=\"\">\n                    <p>La OUATventure est une comp\u00e9tition qui dure plus ou moins 3 mois. Nous pla\u00e7ons les \u00e9quipes dans une division avec d&rsquo;autres \u00e9quipes ayant plus ou moins le m\u00eame niveau. Le but \u00e9tant de permettre \u00e0 chacun de participer \u00e0 une comp\u00e9tition\n                      sans que ce ne soit trop difficile ou trop facile. Cela permet de simuler un syst\u00e8me de comp\u00e9tition officiel o\u00f9 seules les \u00e9quipes master et plus pourraient participer. Ici, tout le monde a une chance de gagner sa division !<\/p>\n                  <\/div>\n                <\/div>\n                <div data-colibri-id=\"3104-c22\" class=\"h-row-container gutters-row-lg-2 gutters-row-md-2 gutters-row-0 gutters-row-v-lg-2 gutters-row-v-md-2 gutters-row-v-0 style-879 style-local-3104-c22 position-relative\">\n                  <!---->\n                  <div class=\"h-row justify-content-lg-center justify-content-md-center justify-content-center align-items-lg-stretch align-items-md-stretch align-items-stretch gutters-col-lg-2 gutters-col-md-2 gutters-col-0 gutters-col-v-lg-2 gutters-col-v-md-2 gutters-col-v-0\">\n                    <!---->\n                    <div class=\"h-column h-column-container d-flex h-col-lg-6 h-col-md-6 h-col-6 style-880-outer style-local-3104-c23-outer\">\n                      <div data-colibri-id=\"3104-c23\" class=\"d-flex h-flex-basis h-column__inner h-px-lg-0 h-px-md-0 h-px-0 v-inner-lg-0 v-inner-md-0 v-inner-0 style-880 style-local-3104-c23 position-relative\">\n                        <!---->\n                        <!---->\n                        <div class=\"w-100 h-y-container h-column__content h-column__v-align flex-basis-100 align-self-lg-start align-self-md-start align-self-start\">\n                          <!---->\n                          <div data-colibri-id=\"3104-c24\" class=\"h-global-transition-all h-heading style-881 style-local-3104-c24 position-relative h-element\">\n                            <!---->\n                            <div class=\"h-heading__outer style-881 style-local-3104-c24\">\n                              <!---->\n                              <!---->\n                              <h5 class=\"\">Diffusion<\/h5>\n                            <\/div>\n                          <\/div>\n                          <div data-colibri-id=\"3104-c25\" class=\"h-text h-text-component style-882 style-local-3104-c25 position-relative h-element\">\n                            <!---->\n                            <!---->\n                            <div class=\"\">\n                              <p>Une partie des matchs sera diffus\u00e9e sur notre cha\u00eene Twitch pour permettre \u00e0 chacun de briller sous les projecteurs.<\/p>\n                            <\/div>\n                          <\/div>\n                        <\/div>\n                      <\/div>\n                    <\/div>\n                    <div class=\"h-column h-column-container d-flex h-col-lg-6 h-col-md-6 h-col-6 style-880-outer style-local-3104-c26-outer\">\n                      <div data-colibri-id=\"3104-c26\" class=\"d-flex h-flex-basis h-column__inner h-px-lg-0 h-px-md-0 h-px-0 v-inner-lg-0 v-inner-md-0 v-inner-0 style-880 style-local-3104-c26 position-relative\">\n                        <!---->\n                        <!---->\n                        <div class=\"w-100 h-y-container h-column__content h-column__v-align flex-basis-100 align-self-lg-start align-self-md-start align-self-start\">\n                          <!---->\n                          <div data-colibri-id=\"3104-c27\" class=\"h-global-transition-all h-heading style-881 style-local-3104-c27 position-relative h-element\">\n                            <!---->\n                            <div class=\"h-heading__outer style-881 style-local-3104-c27\">\n                              <!---->\n                              <!---->\n                              <h5 class=\"\">Encadrement comp\u00e9titif<\/h5>\n                            <\/div>\n                          <\/div>\n                          <div data-colibri-id=\"3104-c28\" class=\"h-text h-text-component style-882 style-local-3104-c28 position-relative h-element\">\n                            <!---->\n                            <!---->\n                            <div class=\"\">\n                              <p>Un format structur\u00e9 avec un calendrier pr\u00e9cis, des divisions \u00e9quilibr\u00e9es pour une exp\u00e9rience proche des comp\u00e9titions professionnelles.<\/p>\n                            <\/div>\n                          <\/div>\n                        <\/div>\n                      <\/div>\n                    <\/div>\n                    <div class=\"h-column h-column-container d-flex h-col-lg-6 h-col-md-6 h-col-6 style-880-outer style-local-3104-c29-outer\">\n                      <div data-colibri-id=\"3104-c29\" class=\"d-flex h-flex-basis h-column__inner h-px-lg-0 h-px-md-0 h-px-0 v-inner-lg-0 v-inner-md-0 v-inner-0 style-880 style-local-3104-c29 position-relative\">\n                        <!---->\n                        <!---->\n                        <div class=\"w-100 h-y-container h-column__content h-column__v-align flex-basis-100 align-self-lg-start align-self-md-start align-self-start\">\n                          <!---->\n                          <div data-colibri-id=\"3104-c30\" class=\"h-global-transition-all h-heading style-881 style-local-3104-c30 position-relative h-element\">\n                            <!---->\n                            <div class=\"h-heading__outer style-881 style-local-3104-c30\">\n                              <!---->\n                              <!---->\n                              <h5 class=\"\">Accessibilit\u00e9 pour tous les niveaux<\/h5>\n                            <\/div>\n                          <\/div>\n                          <div data-colibri-id=\"3104-c31\" class=\"h-text h-text-component style-882 style-local-3104-c31 position-relative h-element\">\n                            <!---->\n                            <!---->\n                            <div class=\"\">\n                              <p>Peu importe votre elo, trouvez une \u00e9quipe ou inscrivez la v\u00f4tre et d\u00e9couvrez la comp\u00e9tition dans un cadre adapt\u00e9 \u00e0 votre niveau.<\/p>\n                            <\/div>\n                          <\/div>\n                        <\/div>\n                      <\/div>\n                    <\/div>\n                    <div class=\"h-column h-column-container d-flex h-col-lg-6 h-col-md-6 h-col-6 style-880-outer style-local-3104-c32-outer\">\n                      <div data-colibri-id=\"3104-c32\" class=\"d-flex h-flex-basis h-column__inner h-px-lg-0 h-px-md-0 h-px-0 v-inner-lg-0 v-inner-md-0 v-inner-0 style-880 style-local-3104-c32 position-relative\">\n                        <!---->\n                        <!---->\n                        <div class=\"w-100 h-y-container h-column__content h-column__v-align flex-basis-100 align-self-lg-start align-self-md-start align-self-start\">\n                          <!---->\n                          <div data-colibri-id=\"3104-c33\" class=\"h-global-transition-all h-heading style-881 style-local-3104-c33 position-relative h-element\">\n                            <!---->\n                            <div class=\"h-heading__outer style-881 style-local-3104-c33\">\n                              <!---->\n                              <!---->\n                              <h5 class=\"\">cash prize<\/h5>\n                            <\/div>\n                          <\/div>\n                          <div data-colibri-id=\"3104-c34\" class=\"h-text h-text-component style-882 style-local-3104-c34 position-relative h-element\">\n                            <!---->\n                            <!---->\n                            <div class=\"\">\n                              <p>Les meilleures \u00e9quipes de chaque division se partagent un cash prize \u00e0 la fin de la comp\u00e9tition.<\/p>\n                            <\/div>\n                          <\/div>\n                        <\/div>\n                      <\/div>\n                    <\/div>\n                    <div class=\"h-column h-column-container d-flex h-col-lg-6 h-col-md-6 h-col-6 style-903-outer style-local-3104-c35-outer\">\n                      <div data-colibri-id=\"3104-c35\" class=\"d-flex h-flex-basis h-column__inner h-px-lg-0 h-px-md-0 h-px-0 v-inner-lg-0 v-inner-md-0 v-inner-0 style-903 style-local-3104-c35 position-relative\">\n                        <!---->\n                        <!---->\n                        <div class=\"w-100 h-y-container h-column__content h-column__v-align flex-basis-100 align-self-lg-start align-self-md-start align-self-start\">\n                          <!---->\n                          <div data-colibri-id=\"3104-c36\" class=\"h-x-container style-898 style-local-3104-c36 position-relative h-element\">\n                            <!---->\n                            <div class=\"h-x-container-inner style-dynamic-3104-c36-group style-898-spacing style-local-3104-c36-spacing\"><span class=\"h-button__outer style-899-outer style-local-3104-c37-outer d-inline-flex h-element\"><a h-use-smooth-scroll=\"true\" href=\"https:\/\/lol.leamateur.pro\/tournaments\/OUATventure%20Saison%2020\" target=\"_blank\"  data-colibri-id=\"3104-c37\" class=\"d-flex w-100 align-items-center h-button justify-content-lg-center justify-content-md-center justify-content-center style-899 style-local-3104-c37 position-relative\"><!----><!----> <span>Inscris toi \u00e0 la prochaine saison <\/span><\/a>\n                              <\/span>\n                            <\/div>\n                          <\/div>\n                        <\/div>\n                      <\/div>\n                    <\/div>\n                  <\/div>\n                <\/div>\n              <\/div>\n            <\/div>\n          <\/div>\n          <div class=\"h-column h-column-container d-flex h-col-lg-auto h-col-md-auto h-col-auto style-883-outer style-local-3104-c38-outer\">\n            <div data-colibri-id=\"3104-c38\" class=\"d-flex h-flex-basis h-column__inner h-ui-empty-state-container h-px-lg-0 h-px-md-0 h-px-0 v-inner-lg-0 v-inner-md-0 v-inner-0 style-883 style-local-3104-c38 position-relative\">\n              <!---->\n              <!---->\n              <div class=\"w-100 h-y-container h-column__content h-column__v-align flex-basis-100\">\n                <!---->\n              <\/div>\n            <\/div>\n          <\/div>\n        <\/div>\n      <\/div>\n    <\/div>\n  <\/div>\n<\/div>","protected":false},"excerpt":{"rendered":"<p>Inscris toi \u00e0 la prochaine saison R\u00e8glement de la comp\u00e9tition Historique de la derni\u00e8re saison Rejoins le discord pour participer ouatventure C&rsquo;est quoi et pourquoi y participer ? La OUATventure est une comp\u00e9tition qui dure plus ou moins 3 mois. Nous pla\u00e7ons les \u00e9quipes dans une division avec d&rsquo;autres \u00e9quipes ayant plus ou moins le [&hellip;]<\/p>\n","protected":false},"author":1,"featured_media":0,"parent":0,"menu_order":0,"comment_status":"closed","ping_status":"closed","template":"page-templates\/full-width-page.php","meta":{"_uag_custom_page_level_css":"","_themeisle_gutenberg_block_has_review":false,"footnotes":""},"class_list":["post-3104","page","type-page","status-publish","hentry"],"uagb_featured_image_src":{"full":false,"thumbnail":false,"medium":false,"medium_large":false,"large":false,"1536x1536":false,"2048x2048":false},"uagb_author_info":{"display_name":"Kissah","author_link":"https:\/\/www.onceuponateam.be\/?author=1"},"uagb_comment_info":0,"uagb_excerpt":"Inscris toi \u00e0 la prochaine saison R\u00e8glement de la comp\u00e9tition Historique de la derni\u00e8re saison Rejoins le discord pour participer ouatventure C&rsquo;est quoi et pourquoi y participer ? La OUATventure est une comp\u00e9tition qui dure plus ou moins 3 mois. Nous pla\u00e7ons les \u00e9quipes dans une division avec d&rsquo;autres \u00e9quipes ayant plus ou moins le\u2026","_links":{"self":[{"href":"https:\/\/www.onceuponateam.be\/index.php?rest_route=\/wp\/v2\/pages\/3104","targetHints":{"allow":["GET"]}}],"collection":[{"href":"https:\/\/www.onceuponateam.be\/index.php?rest_route=\/wp\/v2\/pages"}],"about":[{"href":"https:\/\/www.onceuponateam.be\/index.php?rest_route=\/wp\/v2\/types\/page"}],"author":[{"embeddable":true,"href":"https:\/\/www.onceuponateam.be\/index.php?rest_route=\/wp\/v2\/users\/1"}],"replies":[{"embeddable":true,"href":"https:\/\/www.onceuponateam.be\/index.php?rest_route=%2Fwp%2Fv2%2Fcomments&post=3104"}],"version-history":[{"count":18,"href":"https:\/\/www.onceuponateam.be\/index.php?rest_route=\/wp\/v2\/pages\/3104\/revisions"}],"predecessor-version":[{"id":5247,"href":"https:\/\/www.onceuponateam.be\/index.php?rest_route=\/wp\/v2\/pages\/3104\/revisions\/5247"}],"wp:attachment":[{"href":"https:\/\/www.onceuponateam.be\/index.php?rest_route=%2Fwp%2Fv2%2Fmedia&parent=3104"}],"curies":[{"name":"wp","href":"https:\/\/api.w.org\/{rel}","templated":true}]}}