{"id":3105,"date":"2024-11-05T15:07:00","date_gmt":"2024-11-05T14:07:00","guid":{"rendered":"https:\/\/www.onceuponateam.be\/?page_id=3105"},"modified":"2025-10-30T11:50:02","modified_gmt":"2025-10-30T10:50:02","slug":"webtv","status":"publish","type":"page","link":"https:\/\/www.onceuponateam.be\/?page_id=3105","title":{"rendered":"WebTV"},"content":{"rendered":"<div data-colibri-id=\"3105-c1\" class=\"style-904 style-local-3105-c1 position-relative\">\n  <!---->\n  <div data-colibri-component=\"section\" data-colibri-id=\"3105-c2\" id=\"reusable-sections\" class=\"h-section h-section-global-spacing d-flex align-items-lg-center align-items-md-center align-items-center style-1028 style-local-3105-c2 position-relative\">\n    <!---->\n    <!---->\n    <div class=\"h-section-grid-container h-section-boxed-container\">\n      <!---->\n      <div data-colibri-id=\"3105-c3\" class=\"h-row-container gutters-row-lg-2 gutters-row-md-2 gutters-row-0 gutters-row-v-lg-2 gutters-row-v-md-2 gutters-row-v-2 style-1029 style-local-3105-c3 position-relative\">\n        <!---->\n        <div class=\"h-row justify-content-lg-center justify-content-md-center justify-content-center align-items-lg-stretch align-items-md-stretch align-items-stretch gutters-col-lg-2 gutters-col-md-2 gutters-col-0 gutters-col-v-lg-2 gutters-col-v-md-2 gutters-col-v-2\">\n          <!---->\n          <div class=\"h-column h-column-container d-flex h-col-lg-auto h-col-md-auto h-col-auto style-1030-outer style-local-3105-c4-outer\">\n            <div data-colibri-id=\"3105-c4\" class=\"d-flex h-flex-basis h-column__inner h-px-lg-2 h-px-md-2 h-px-2 v-inner-lg-2 v-inner-md-2 v-inner-2 style-1030 style-local-3105-c4 position-relative\">\n              <!---->\n              <!---->\n              <div class=\"w-100 h-y-container h-column__content h-column__v-align flex-basis-100 align-self-lg-start align-self-md-start align-self-start\">\n                <!---->\n                <div data-colibri-id=\"3105-c5\" class=\"h-global-transition-all h-heading style-915 style-local-3105-c5 position-relative h-element\">\n                  <!---->\n                  <div class=\"h-heading__outer style-915 style-local-3105-c5\">\n                    <!---->\n                    <!---->\n                    <h2 class=\"\">Vivez l\u2019esport avec la OUAT !<\/h2>\n                  <\/div>\n                <\/div>\n                <div data-colibri-id=\"3105-c6\" class=\"h-text h-text-component style-911 style-local-3105-c6 position-relative h-element\">\n                  <!---->\n                  <!---->\n                  <div class=\"\">\n                    <p>Retrouvez tous nos streams sur Twitch : matchs de OUATventure, tournois de nos joueurs, et contenus exclusifs autour de League of Legends.<\/p>\n                  <\/div>\n                <\/div>\n                <div data-colibri-id=\"3105-c7\" class=\"h-x-container style-972 style-local-3105-c7 position-relative h-element\">\n                  <!---->\n                  <div class=\"h-x-container-inner style-dynamic-3105-c7-group style-972-spacing style-local-3105-c7-spacing\"><span class=\"h-link__outer style-973-outer style-local-3105-c8-outer d-inline-flex h-element\"><a h-use-smooth-scroll=\"true\" href=\"https:\/\/www.twitch.tv\/ouat_tv\" target=\"_blank\"  data-colibri-id=\"3105-c8\" class=\"d-flex w-100 align-items-center h-link style-973 style-local-3105-c8 position-relative\"><!----><span  class=\"h-svg-icon h-link__icon style-973-icon style-local-3105-c8-icon\"><!--Icon by Font Awesome (https:\/\/fontawesome.com)-->\n    <svg version=\"1.1\" xmlns=\"http:\/\/www.w3.org\/2000\/svg\" xmlns:xlink=\"http:\/\/www.w3.org\/1999\/xlink\" id=\"twitch\" viewBox=\"0 0 1792 1896.0833\">\n      <path d=\"M896 434v434H751V434h145zm398 0v434h-145V434h145zm0 760l253-254V145H353v1049h326v217l217-217h398zM1692 0v1013l-434 434H932l-217 217H498v-217H100V289L209 0h1483z\"><\/path>\n    <\/svg><\/span> <span>Suivez-nous sur Twitch ! <\/span><\/a>\n                    <\/span>\n                  <\/div>\n                <\/div>\n              <\/div>\n            <\/div>\n          <\/div>\n        <\/div>\n      <\/div>\n    <\/div>\n  <\/div>\n  <div data-colibri-component=\"section\" data-colibri-id=\"3105-c9\" id=\"ouatventure\" class=\"h-section h-section-global-spacing d-flex align-items-lg-center align-items-md-center align-items-center style-1000 style-local-3105-c9 position-relative\">\n    <!---->\n    <!---->\n    <div class=\"h-section-grid-container h-section-boxed-container\">\n      <!---->\n      <div data-colibri-id=\"3105-c10\" class=\"h-row-container gutters-row-lg-0 gutters-row-md-0 gutters-row-0 gutters-row-v-lg-0 gutters-row-v-md-0 gutters-row-v-0 style-1001 style-local-3105-c10 position-relative\">\n        <!---->\n        <div class=\"h-row justify-content-lg-center justify-content-md-center justify-content-center align-items-lg-stretch align-items-md-stretch align-items-stretch gutters-col-lg-0 gutters-col-md-0 gutters-col-0 gutters-col-v-lg-0 gutters-col-v-md-0 gutters-col-v-0\">\n          <!---->\n          <div class=\"h-column h-column-container d-flex h-col-lg-auto h-col-md-auto h-col-auto style-1002-outer style-local-3105-c11-outer\">\n            <div data-colibri-id=\"3105-c11\" class=\"d-flex h-flex-basis h-column__inner h-px-lg-0 h-px-md-0 h-px-0 v-inner-lg-0 v-inner-md-0 v-inner-0 style-1002 style-local-3105-c11 position-relative\">\n              <!---->\n              <!---->\n              <div class=\"w-100 h-y-container h-column__content h-column__v-align flex-basis-100 align-self-lg-start align-self-md-start align-self-start\">\n                <!---->\n                <div data-colibri-id=\"3105-c12\" class=\"h-global-transition-all h-heading style-1004 style-local-3105-c12 position-relative h-element\">\n                  <!---->\n                  <div class=\"h-heading__outer style-1004 style-local-3105-c12\">\n                    <!---->\n                    <!---->\n                    <h2 class=\"\">OUATventure<\/h2>\n                  <\/div>\n                <\/div>\n                <div data-colibri-id=\"3105-c13\" class=\"h-text h-text-component style-1005 style-local-3105-c13 position-relative h-element\">\n                  <!---->\n                  <!---->\n                  <div class=\"\">\n                    <p>Suivez chaque semaine certains matchs de la OUATventure, notre ligue League of Legends. Avec des divisions adapt\u00e9es \u00e0 tous les niveaux, ces rencontres offrent un m\u00e9lange parfait de strat\u00e9gie, de comp\u00e9tition et de moments forts.<\/p>\n                    <p>N&rsquo;h\u00e9sitez pas \u00e0 soutenir vos \u00e9quipes favorites sur le live !&nbsp;<\/p>\n                  <\/div>\n                <\/div>\n              <\/div>\n            <\/div>\n          <\/div>\n          <div class=\"h-column h-column-container d-flex h-col-lg-auto h-col-md-auto h-col-auto style-1006-outer style-local-3105-c14-outer\">\n            <div data-colibri-id=\"3105-c14\" class=\"d-flex h-flex-basis h-column__inner h-ui-empty-state-container h-px-lg-2 h-px-md-2 h-px-2 v-inner-lg-2 v-inner-md-2 v-inner-2 style-1006 style-local-3105-c14 position-relative\">\n              <!---->\n              <!---->\n              <div class=\"w-100 h-y-container h-column__content h-column__v-align flex-basis-100\">\n                <!---->\n              <\/div>\n            <\/div>\n          <\/div>\n        <\/div>\n      <\/div>\n    <\/div>\n  <\/div>\n  <div data-colibri-component=\"section\" data-colibri-id=\"3105-c15\" id=\"div-2-and-circuit-amateur\" class=\"h-section h-section-global-spacing d-flex align-items-lg-center align-items-md-center align-items-center style-1007 style-local-3105-c15 position-relative\">\n    <!---->\n    <!---->\n    <div class=\"h-section-grid-container h-section-boxed-container\">\n      <!---->\n      <div data-colibri-id=\"3105-c16\" class=\"h-row-container gutters-row-lg-0 gutters-row-md-0 gutters-row-0 gutters-row-v-lg-0 gutters-row-v-md-0 gutters-row-v-0 style-1008 style-local-3105-c16 position-relative\">\n        <!---->\n        <div class=\"h-row justify-content-lg-center justify-content-md-center justify-content-center align-items-lg-stretch align-items-md-stretch align-items-stretch gutters-col-lg-0 gutters-col-md-0 gutters-col-0 gutters-col-v-lg-0 gutters-col-v-md-0 gutters-col-v-0\">\n          <!---->\n          <div class=\"h-column h-column-container d-flex h-col-lg-auto h-col-md-auto h-col-auto style-1009-outer style-local-3105-c17-outer\">\n            <div data-colibri-id=\"3105-c17\" class=\"d-flex h-flex-basis h-column__inner h-ui-empty-state-container h-px-lg-0 h-px-md-0 h-px-0 v-inner-lg-0 v-inner-md-0 v-inner-0 style-1009 style-local-3105-c17 position-relative\">\n              <!---->\n              <!---->\n              <div class=\"w-100 h-y-container h-column__content h-column__v-align flex-basis-100\">\n                <!---->\n              <\/div>\n            <\/div>\n          <\/div>\n          <div class=\"h-column h-column-container d-flex h-col-lg-auto h-col-md-auto h-col-auto style-1010-outer style-local-3105-c18-outer\">\n            <div data-colibri-id=\"3105-c18\" class=\"d-flex h-flex-basis h-column__inner h-px-lg-2 h-px-md-2 h-px-2 v-inner-lg-2 v-inner-md-2 v-inner-2 style-1010 style-local-3105-c18 position-relative\">\n              <!---->\n              <!---->\n              <div class=\"w-100 h-y-container h-column__content h-column__v-align flex-basis-100 align-self-lg-start align-self-md-start align-self-start\">\n                <!---->\n                <div data-colibri-id=\"3105-c19\" class=\"h-global-transition-all h-heading style-1012 style-local-3105-c19 position-relative h-element\">\n                  <!---->\n                  <div class=\"h-heading__outer style-1012 style-local-3105-c19\">\n                    <!---->\n                    <!---->\n                    <h2 class=\"\">Division 2 &amp; Circuit amateur<\/h2>\n                  <\/div>\n                <\/div>\n                <div data-colibri-id=\"3105-c20\" class=\"h-text h-text-component style-1013 style-local-3105-c20 position-relative h-element\">\n                  <!---->\n                  <!---->\n                  <div class=\"\">\n                    <p>Nous diffusons l&rsquo;int\u00e9gralit\u00e9 de la division 2 officielle du Benelux et nous suivons prioritairement les \u00e9quipes francophones du circuit amateur.&nbsp;<\/p>\n                    <p>C&rsquo;est l&rsquo;occasion d&rsquo;avoir un focus unique sur la sc\u00e8ne comp\u00e9titive locale et r\u00e9gionale.&nbsp;<\/p>\n                    <p>Que vous soyez un fervent supporter ou curieux de d\u00e9couvrir le futur de l\u2019esport benelux, rejoignez-nous sur Twitch pour suivre toute l\u2019action en direct !<\/p>\n                  <\/div>\n                <\/div>\n              <\/div>\n            <\/div>\n          <\/div>\n        <\/div>\n      <\/div>\n    <\/div>\n  <\/div>\n  <div data-colibri-component=\"section\" data-colibri-id=\"3105-c21\" id=\"emea-masters\" class=\"h-section h-section-global-spacing d-flex align-items-lg-center align-items-md-center align-items-center style-1052 style-local-3105-c21 position-relative\">\n    <!---->\n    <!---->\n    <div class=\"h-section-grid-container h-section-boxed-container\">\n      <!---->\n      <div data-colibri-id=\"3105-c22\" class=\"h-row-container gutters-row-lg-0 gutters-row-md-0 gutters-row-0 gutters-row-v-lg-0 gutters-row-v-md-0 gutters-row-v-0 style-1053 style-local-3105-c22 position-relative\">\n        <!---->\n        <div class=\"h-row justify-content-lg-center justify-content-md-center justify-content-center align-items-lg-stretch align-items-md-stretch align-items-stretch gutters-col-lg-0 gutters-col-md-0 gutters-col-0 gutters-col-v-lg-0 gutters-col-v-md-0 gutters-col-v-0\">\n          <!---->\n          <div class=\"h-column h-column-container d-flex h-col-lg-auto h-col-md-auto h-col-auto style-1054-outer style-local-3105-c23-outer\">\n            <div data-colibri-id=\"3105-c23\" class=\"d-flex h-flex-basis h-column__inner h-px-lg-0 h-px-md-0 h-px-0 v-inner-lg-0 v-inner-md-0 v-inner-0 style-1054 style-local-3105-c23 position-relative\">\n              <!---->\n              <!---->\n              <div class=\"w-100 h-y-container h-column__content h-column__v-align flex-basis-100 align-self-lg-start align-self-md-start align-self-start\">\n                <!---->\n                <div data-colibri-id=\"3105-c24\" class=\"h-global-transition-all h-heading style-1056 style-local-3105-c24 position-relative h-element\">\n                  <!---->\n                  <div class=\"h-heading__outer style-1056 style-local-3105-c24\">\n                    <!---->\n                    <!---->\n                    <h2 class=\"\">EMEA Masters<\/h2>\n                  <\/div>\n                <\/div>\n                <div data-colibri-id=\"3105-c25\" class=\"h-text h-text-component style-1057 style-local-3105-c25 position-relative h-element\">\n                  <!---->\n                  <!---->\n                  <div class=\"\">\n                    <p>En 2024, nous avons eu la chance de couvrir les EMEA Masters, un tournoi embl\u00e9matique rassemblant les meilleurs champions r\u00e9gionaux d\u2019Europe. \u00c0 travers nos streams, nous avons partag\u00e9 avec vous les moments forts de cette comp\u00e9tition,\n                      o\u00f9 l\u2019intensit\u00e9 et le talent \u00e9taient au rendez-vous.<\/p>\n                    <p>On se donne rendez vous en 2025 pour d\u00e9couvrir nos prochains projets et savoir si nous aurons l\u2019opportunit\u00e9 de vous plonger \u00e0 nouveau au c\u0153ur de ce prestigieux \u00e9v\u00e9nement !<\/p>\n                  <\/div>\n                <\/div>\n              <\/div>\n            <\/div>\n          <\/div>\n          <div class=\"h-column h-column-container d-flex h-col-lg-auto h-col-md-auto h-col-auto style-1058-outer style-local-3105-c26-outer\">\n            <div data-colibri-id=\"3105-c26\" class=\"d-flex h-flex-basis h-column__inner h-ui-empty-state-container h-px-lg-2 h-px-md-2 h-px-2 v-inner-lg-2 v-inner-md-2 v-inner-2 style-1058 style-local-3105-c26 position-relative\">\n              <!---->\n              <!---->\n              <div class=\"w-100 h-y-container h-column__content h-column__v-align flex-basis-100\">\n                <!---->\n              <\/div>\n            <\/div>\n          <\/div>\n        <\/div>\n      <\/div>\n    <\/div>\n  <\/div>\n  <div data-colibri-component=\"section\" data-colibri-id=\"3105-c45\" id=\"proposition-service\" class=\"h-section h-section-global-spacing d-flex align-items-lg-center align-items-md-center align-items-center style-1066 style-local-3105-c45 position-relative\">\n    <!---->\n    <!---->\n    <div class=\"h-section-grid-container h-section-boxed-container\">\n      <!---->\n      <div data-colibri-id=\"3105-c46\" class=\"h-row-container gutters-row-lg-2 gutters-row-md-2 gutters-row-0 gutters-row-v-lg-2 gutters-row-v-md-2 gutters-row-v-2 style-1067 style-local-3105-c46 position-relative\">\n        <!---->\n        <div class=\"h-row justify-content-lg-center justify-content-md-center justify-content-center align-items-lg-stretch align-items-md-stretch align-items-stretch gutters-col-lg-2 gutters-col-md-2 gutters-col-0 gutters-col-v-lg-2 gutters-col-v-md-2 gutters-col-v-2\">\n          <!---->\n          <div class=\"h-column h-column-container d-flex h-col-lg-auto h-col-md-auto h-col-auto style-1068-outer style-local-3105-c47-outer\">\n            <div data-colibri-id=\"3105-c47\" class=\"d-flex h-flex-basis h-column__inner h-px-lg-2 h-px-md-2 h-px-2 v-inner-lg-2 v-inner-md-2 v-inner-2 style-1068 style-local-3105-c47 position-relative\">\n              <!---->\n              <!---->\n              <div class=\"w-100 h-y-container h-column__content h-column__v-align flex-basis-100 align-self-lg-start align-self-md-start align-self-start\">\n                <!---->\n                <div data-colibri-id=\"3105-c48\" class=\"h-global-transition-all h-heading style-1069 style-local-3105-c48 position-relative h-element\">\n                  <!---->\n                  <div class=\"h-heading__outer style-1069 style-local-3105-c48\">\n                    <!---->\n                    <!---->\n                    <h2 class=\"\">Besoin d&rsquo;une \u00e9quipe pour diffuser votre comp\u00e9tition ?<\/h2>\n                  <\/div>\n                <\/div>\n                <div data-colibri-id=\"3105-c49\" class=\"h-text h-text-component style-1075 style-local-3105-c49 position-relative h-element\">\n                  <!---->\n                  <!---->\n                  <div class=\"\">\n                    <p>Vous organisez un tournoi et vous cherchez des casteurs passionn\u00e9s pour dynamiser l\u2019\u00e9v\u00e9nement ? Notre \u00e9quipe est l\u00e0 pour apporter \u00e9nergie et expertise \u00e0 vos streams.<\/p>\n                    <p><strong><u>Ce que nous offrons :<\/u><\/strong><\/p>\n                    <ul>\n                      <li>Des casteurs avec de l&rsquo;exp\u00e9rience pour rendre chaque match vivant et captivant.<\/li>\n                      <li>Capacit\u00e9 de s&rsquo;adapter \u00e0 tout type de tournoi.<\/li>\n                    <\/ul>\n                    <p>Nous nous adaptons \u00e0 vos besoins pour offrir \u00e0 vos spectateurs une bonne exp\u00e9rience.<\/p>\n                    <p>Contactez-nous pour discuter de votre \u00e9v\u00e9nement et voir comment nous pouvons travailler ensemble sur votre tournoi !<\/p>\n                    <p>Par mail :&nbsp;<span style=\"color: rgb(246, 248, 250); font-family: &quot;Open Sans&quot;; font-size: 16px; font-weight: 400;\">kissah@onceuponateam.be<br>Sur Discord :&nbsp;kissah<\/span><\/p>\n                  <\/div>\n                <\/div>\n              <\/div>\n            <\/div>\n          <\/div>\n        <\/div>\n      <\/div>\n    <\/div>\n  <\/div>\n  <div data-colibri-component=\"section\" data-colibri-id=\"3105-c50\" id=\"recrutement\" class=\"h-section h-section-global-spacing d-flex align-items-lg-center align-items-md-center align-items-center style-905 style-local-3105-c50 position-relative\">\n    <!---->\n    <!---->\n    <div class=\"h-section-grid-container h-section-boxed-container\">\n      <!---->\n      <div data-colibri-id=\"3105-c51\" class=\"h-row-container gutters-row-lg-2 gutters-row-md-2 gutters-row-0 gutters-row-v-lg-2 gutters-row-v-md-2 gutters-row-v-2 style-966 style-local-3105-c51 position-relative\">\n        <!---->\n        <div class=\"h-row justify-content-lg-center justify-content-md-center justify-content-center align-items-lg-stretch align-items-md-stretch align-items-stretch gutters-col-lg-2 gutters-col-md-2 gutters-col-0 gutters-col-v-lg-2 gutters-col-v-md-2 gutters-col-v-2\">\n          <!---->\n          <div class=\"h-column h-column-container d-flex h-col-lg-auto h-col-md-auto h-col-auto style-967-outer style-local-3105-c52-outer\">\n            <div data-colibri-id=\"3105-c52\" class=\"d-flex h-flex-basis h-column__inner h-px-lg-2 h-px-md-2 h-px-2 v-inner-lg-2 v-inner-md-2 v-inner-2 style-967 style-local-3105-c52 position-relative\">\n              <!---->\n              <!---->\n              <div class=\"w-100 h-y-container h-column__content h-column__v-align flex-basis-100 align-self-lg-start align-self-md-start align-self-start\">\n                <!---->\n                <div data-colibri-id=\"3105-c53\" class=\"h-global-transition-all h-heading style-933 style-local-3105-c53 position-relative h-element\">\n                  <!---->\n                  <div class=\"h-heading__outer style-933 style-local-3105-c53\">\n                    <!---->\n                    <!---->\n                    <h2 class=\"\">Envie de faire partie de l&rsquo;\u00e9quipe ?&nbsp;<\/h2>\n                  <\/div>\n                <\/div>\n                <div data-colibri-id=\"3105-c54\" class=\"h-text h-text-component style-970 style-local-3105-c54 position-relative h-element\">\n                  <!---->\n                  <!---->\n                  <div class=\"\">\n                    <p>Nous sommes continuellement \u00e0 la recherche de casteur et de r\u00e9gisseur. Nous sommes dans une optique de formation, il n&rsquo;y a pas besoin d&rsquo;avoir de l&rsquo;exp\u00e9rience, la motivation suffit.&nbsp;En effet, nous avons de nombreux projets qui\n                      vous permettent de prendre de l&rsquo;exp\u00e9rience pour ensuite suivre de plus grosses comp\u00e9titions.<\/p>\n                    <p><strong><u>Casteur :&nbsp;<\/u><\/strong><\/p>\n                    <ul>\n                      <li>Il raconte le d\u00e9roulement de la partie, soit \u00e0 la mani\u00e8re d&rsquo;un analyste pour partager tous les secrets de la game, soit en dynamisant les moments d&rsquo;affrontement pour rendre le tout \u00e9pique !<\/li>\n                      <li>Il doit \u00e9videmment connaitre le jeu qu&rsquo;il commente et en connaitre un maximum de d\u00e9tail.<\/li>\n                      <li>Enfin, il reste attentif \u00e0 l&rsquo;actualit\u00e9 de ses jeux pr\u00e9f\u00e9r\u00e9s pour toujours \u00eatre pertinent et int\u00e9ressant au cast.<\/li>\n                    <\/ul>\n                    <p><strong><u>R\u00e9gisseur :<\/u><\/strong><\/p>\n                    <ul>\n                      <li>C&rsquo;est lui qui a la main sur ce que voient les spectateurs et qui envoie le flux vid\u00e9o vers Twitch.<\/li>\n                      <li>Il communique avec ses casteurs pour leur permettre de cast dans les meilleurs conditions.<\/li>\n                      <li>Il est perfectionniste et aime que tout soit parfait au pixel pr\u00e8s !<\/li>\n                    <\/ul>\n                    <p>Si vous \u00eates int\u00e9ress\u00e9 par ce r\u00f4le, contactez nous par mail : kissah@onceuponateam.be ou sur discord : kissah<\/p>\n                  <\/div>\n                <\/div>\n              <\/div>\n            <\/div>\n          <\/div>\n        <\/div>\n      <\/div>\n    <\/div>\n  <\/div>\n<\/div>","protected":false},"excerpt":{"rendered":"<p>Vivez l\u2019esport avec la OUAT ! Retrouvez tous nos streams sur Twitch : matchs de OUATventure, tournois de nos joueurs, et contenus exclusifs autour de League of Legends. Suivez-nous sur Twitch ! OUATventure Suivez chaque semaine certains matchs de la OUATventure, notre ligue League of Legends. Avec des divisions adapt\u00e9es \u00e0 tous les niveaux, ces [&hellip;]<\/p>\n","protected":false},"author":1,"featured_media":0,"parent":0,"menu_order":0,"comment_status":"closed","ping_status":"closed","template":"page-templates\/full-width-page.php","meta":{"_uag_custom_page_level_css":"","_themeisle_gutenberg_block_has_review":false,"footnotes":""},"class_list":["post-3105","page","type-page","status-publish","hentry"],"uagb_featured_image_src":{"full":false,"thumbnail":false,"medium":false,"medium_large":false,"large":false,"1536x1536":false,"2048x2048":false},"uagb_author_info":{"display_name":"Kissah","author_link":"https:\/\/www.onceuponateam.be\/?author=1"},"uagb_comment_info":0,"uagb_excerpt":"Vivez l\u2019esport avec la OUAT ! Retrouvez tous nos streams sur Twitch : matchs de OUATventure, tournois de nos joueurs, et contenus exclusifs autour de League of Legends. Suivez-nous sur Twitch ! OUATventure Suivez chaque semaine certains matchs de la OUATventure, notre ligue League of Legends. Avec des divisions adapt\u00e9es \u00e0 tous les niveaux, ces\u2026","_links":{"self":[{"href":"https:\/\/www.onceuponateam.be\/index.php?rest_route=\/wp\/v2\/pages\/3105","targetHints":{"allow":["GET"]}}],"collection":[{"href":"https:\/\/www.onceuponateam.be\/index.php?rest_route=\/wp\/v2\/pages"}],"about":[{"href":"https:\/\/www.onceuponateam.be\/index.php?rest_route=\/wp\/v2\/types\/page"}],"author":[{"embeddable":true,"href":"https:\/\/www.onceuponateam.be\/index.php?rest_route=\/wp\/v2\/users\/1"}],"replies":[{"embeddable":true,"href":"https:\/\/www.onceuponateam.be\/index.php?rest_route=%2Fwp%2Fv2%2Fcomments&post=3105"}],"version-history":[{"count":21,"href":"https:\/\/www.onceuponateam.be\/index.php?rest_route=\/wp\/v2\/pages\/3105\/revisions"}],"predecessor-version":[{"id":5100,"href":"https:\/\/www.onceuponateam.be\/index.php?rest_route=\/wp\/v2\/pages\/3105\/revisions\/5100"}],"wp:attachment":[{"href":"https:\/\/www.onceuponateam.be\/index.php?rest_route=%2Fwp%2Fv2%2Fmedia&parent=3105"}],"curies":[{"name":"wp","href":"https:\/\/api.w.org\/{rel}","templated":true}]}}